102)?
17
Let a = -101 + 196. Let k be 4/(-3 + a/31). What are the prime factors of 30/12*k/5?
31
Suppose -486 = -5*m + 4*o, 2*m + 2*m - 392 = 4*o. Suppose -2*r + 3*f - f + 64 = 0, -2*r - 4*f + m = 0. List the prime factors of r.
37
What are the prime factors of (1 + 1)/(((-60)/(-4265))/6)?
853
Let j = -26 + 26. Suppose -4*f = -j*f - 284. What are the prime factors of f?
71
Let b = -107 + 109. Let m = 0 - 0. Suppose m = -2*c + 2, 4*d - b*c - 13 - 61 = 0. What are the prime factors of d?
19
Let h(s) = -s**2 + 4. Let r be h(0). Let a(x) = 2*x**2 + x. Let d(v) = v**2 + v. Let b(q) = r*d(q) - a(q). List the prime factors of b(-5).
5, 7
Let c be -1 - (-8 + 4*4/8). Suppose c*i - 37 = -3*n, 4*n - i = 2*i + 59. List the prime factors of n.
2, 7
Suppose m + 8 - 74 = 0. List the prime factors of m.
2, 3, 11
Let q(l) be the second derivative of -l**5/20 + 5*l**4/4 - 2*l**3 - 8*l**2 - 6*l. Let t be q(14). What are the prime factors of (0 - (-8)/t)*6?
2
Suppose -4*y + 1278 - 184 = 2*g, 2176 = 4*g + 2*y. What are the prime factors of g?
3, 181
Let j(p) = p**2 + 2*p + 15. Let i be j(12). Suppose 4*u = -2*h + 53 + 13, -4*u + i = 5*h. List the prime factors of h.
3, 13
Let d = -236 + 672. What are the prime factors of d?
2, 109
Let c(l) = -13*l**3 + l**2 + 2*l + 8. Let r be c(-3). Suppose 4*y + 5*g - 327 = 0, 4*y - r = 5*g - 3*g. What are the prime factors of y?
2, 11
Let l = -97 + 77. What are the prime factors of (-8)/5*50/l?
2
Let t be ((-4)/(-10))/((-4)/(-20)). Let v(j) = j**2 + 2*j - 3. Let y be v(t). Suppose -3*q = -y*r + 14, -r + q - 10 = -3*r. What are the prime factors of r?
2
Let y = -29 - -31. Let l(z) = -11*z**2 - 15*z + 11. Let w(s) = 7*s**2 + 10*s - 7. Let d(c) = 5*l(c) + 8*w(c). List the prime factors of d(y).
13
Let u(j) be the second derivative of 0 - 7*j + 0*j**2 - 1/6*j**3 + 1/4*j**4. What are the prime factors of u(2)?
2, 5
Suppose -c - 5*t - 13 = 0, 0*t - 4*t - 12 = 0. Let p be 1 - -92 - c/1. Suppose -p = -4*f + 85. List the prime factors of f.
2, 11
Let d = 3176 + -1791. List the prime factors of d.
5, 277
Suppose -4*x = 5*n + 26 + 45, 34 = -2*x - 2*n. Let z = -9 - x. List the prime factors of z.
5
Let c(k) = -k**3 - 5*k**2 - 6*k - 2. Let g be c(-4). Suppose -3*z + 6 = -g, 4*z = 5*l - 439. What are the prime factors of l?
7, 13
Let p(d) = 78*d + 17. Let t be p(2). Let c = t + 82. List the prime factors of c.
3, 5, 17
Let q(j) = 2. Let d(h) = h - 1. Let o(i) = -d(i) - q(i). Let c be o(-1). Suppose c = -t - 5*p - 9 - 1, -2*p = t - 5. List the prime factors of t.
3, 5
Let q(b) = 6*b**3 - 1. Let r be q(2). Suppose -4*w + 162 = 5*t - r, 4*t = 4. Let c = 88 - w. List the prime factors of c.
37
Let r(k) = -7*k**2 + k + 1. Let d be r(-1). Let y = d - -37. List the prime factors of y.
2, 3, 5
Suppose 0 = -w + 4*w + 15. Let i = w - -15. Suppose -i = 5*v - 10*v. What are the prime factors of v?
2
Suppose -3*z = 3*h - z - 1770, 0 = -4*z. List the prime factors of h.
2, 5, 59
Suppose -5*o - 5*g = -g + 20, -4*g = o + 20. Suppose -h = -m - 7, 12 = -o*h + 2*h - m. Suppose -v = -h*c + 83, -c + 3*v - 7 = -2*c. List the prime factors of c.
2
Suppose 13*p = -8 - 18. Let b(t) = 30*t**2 + t - 10*t**2 + 6*t + 1. List the prime factors of b(p).
67
Suppose 3*n + 331 = a + 54, 3*a - 817 = -5*n. List the prime factors of a.
2, 137
What are the prime factors of ((-3)/(-15))/(20/275)*60?
3, 5, 11
Suppose 0*l - w + 13 = -3*l, 3*l + 3*w + 33 = 0. Let i be (l/(-4) + 0)*2. What are the prime factors of i*1*(-63)/(-9)?
3, 7
Let r = 89 + -23. Let q = -3 + r. What are the prime factors of q?
3, 7
Suppose 3*w - 7*w - 3*s = -21, 15 = 2*w + 3*s. Suppose 7*k - w*k = 2*b + 34, -4*b = 12. What are the prime factors of k?
7
Suppose 18036 = -43*p + 61*p. What are the prime factors of p?
2, 3, 167
Let z be 2/4 + 72/16. Suppose -2*c + 5*b - 1 = -3*c, -z*b = -c + 31. List the prime factors of c.
2
Let z(d) = -d**3 + 12*d**2 - 12*d + 11. Suppose o = 3*o - 22. Let k be z(o). Suppose 0*r - 5*r + 105 = k. What are the prime factors of r?
3, 7
Suppose -94 - 58 = 8*w. Let c = w - -39. What are the prime factors of c?
2, 5
Suppose 10*m - 11*m + 4 = 0. Let n(x) = x**3 + x**2 + 3*x - 9. List the prime factors of n(m).
83
Suppose 475 = -5*g - 5*n, 2*g + g + 284 = -2*n. Let x = 218 - 233. What are the prime factors of ((-15)/x)/((-2)/g)?
47
Let p = -18 - -16. Let b be (-20)/p*(-4)/(-4). Suppose -2*z + 4 + b = 0. What are the prime factors of z?
7
Suppose 46 = z + 4*q - 28, 1 = -q. What are the prime factors of z?
2, 3, 13
Let w(o) = o - 6*o**2 + 5*o**2 + 2 + 8. Let v be w(0). Suppose c + v = 25. What are the prime factors of c?
3, 5
Let l be (2/(-1))/2 + (11 - 8). Suppose l*x + 3*c - 255 = 85, x + 4*c - 170 = 0. List the prime factors of x.
2, 5, 17
Suppose -15*h + 1936 = -4*h. What are the prime factors of h?
2, 11
Let a = 20 - -8. List the prime factors of a.
2, 7
Let i(k) = 17*k + 2. Let d be i(4). Suppose -2*n + 74 = 3*o + 2*n, 3*o = -5*n + d. What are the prime factors of o?
2, 3, 5
Let d = -6 - -3. Let r be (1/d)/(3/(-9)). What are the prime factors of r/(((-16)/76)/(-4))?
19
Let k(b) = b**2 + 8*b + 2. Let n be k(-8). Suppose -76 = -x - 2*l, 0 = -n*x - 2*x + 3*l + 337. List the prime factors of x.
2, 41
Let z(k) = -k**3 + 12*k**2 - 8*k - 53. Let w(h) = -10*h + 10. Let a be w(0). What are the prime factors of z(a)?
67
Suppose 0 = -v - n + 4*n - 49, -4*n - 264 = 5*v. Suppose -s = 28 + 3. Let u = s - v. What are the prime factors of u?
3, 7
Let v(r) = 4*r**2 + 5*r - 6. Let i be v(2). Let q = 51 - 21. Let w = i + q. List the prime factors of w.
2, 5
Let i(l) = -18*l**3 - 2*l**2 - 2*l - 1. Let r be i(-1). Let x = 37 - r. List the prime factors of (-30)/x - (-45)/2.
3, 7
What are the prime factors of (8/(-12))/((-2)/4434)?
2, 739
Suppose 61 - 23 = 2*i. Suppose -83 = -2*w - i. List the prime factors of w.
2
Let l(a) = 40*a**2 + 2*a. Let v(h) = -4*h - 3. Let k be v(-1). What are the prime factors of l(k)?
2, 3, 7
Suppose 10*j = 7*j + 18. Let v(k) = 2*k - 10. Let w be v(j). Let z(n) = 2*n**2 - 3*n + 1. What are the prime factors of z(w)?
3
Let d = 19 - 40. Let k = d - -62. List the prime factors of k.
41
Suppose -2*x + 9 = s, 5*x - 5*s - 11 = 4. Let c(q) = 10*q**2 + 9*q - 19. What are the prime factors of c(x)?
3, 59
Let y(x) = 88*x + 6. List the prime factors of y(4).
2, 179
Let u = 3 + 5. Suppose 0 = -5*m + 2 + u. Suppose -2*v = m*v - 20. What are the prime factors of v?
5
Let f(j) = j + 6. Let m be f(4). Suppose -6 - m = -4*c. List the prime factors of c/(-2) - (1 - 32).
29
Suppose 29 = 5*o + j, 24 = 4*o + 5*j - 4*j. What are the prime factors of -1 - 0 - (o + -75)?
3, 23
Suppose -39*w = -21854 + 1418. What are the prime factors of w?
2, 131
Suppose -3*o + 7*o - 16 = 0. Suppose -o*h - h = 30. Let c = 16 + h. List the prime factors of c.
2, 5
Let u = -40 - -45. Suppose 5*z = 3*x + x + 230, u*z - 275 = -5*x. List the prime factors of z.
2, 5
Let o be 32 - (-2 - (-2 + 0)). Let q = 113 - o. List the prime factors of q.
3
Suppose 3*g = -4*u + 9204, -4*u + 5*u = -g + 2302. What are the prime factors of u?
2, 3, 383
Let q(y) = 517*y + 7. What are the prime factors of q(1)?
2, 131
Let h = 18 - 21. Let q(t) = -2*t**3 - 2*t**2 + 3*t + 3. List the prime factors of q(h).
2, 3, 5
Suppose 3*y = -2*n - 88 - 117, 3*y = 2*n - 209. Let k = 160 + y. List the prime factors of k.
7, 13
Let v be (-1 + 3/9)/((-4)/90). List the prime factors of 1194/10 - 6/v.
7, 17
Let a be 2*-58*(-4)/8. Let q be a/(-8) + (-11)/(-44). What are the prime factors of (q - -2)*(-6)/15?
2
Suppose -8*o = -38693 + 11197. List the prime factors of o.
7, 491
Let x be (-4)/1*1/(-2). Let s(c) = 51*c + 1. Let q be s(x). List the prime factors of q/4 + 9/(-12).
5
What are the prime factors of 1 + -8 + (-80 - -957)?
2, 3, 5, 29
Suppose 2*s + 653 = 3*h, -5*h - 28 = -4*s - 1333. Let y = -65 - s. List the prime factors of y.
2, 5, 13
Suppose 103 = -p + 359. Suppose -532 - p = -4*t. What are the prime factors of t?
197
Let w(h) = -58*h**2 + 4*h - 3. Let r be w(1). Let n = -53 - r. What are the prime factors of n?
2
Let y = -22 - -27. Suppose t + 114 = -y*j + j, -6 = 2*j. List the prime factors of t*3*1/(-9).
2, 17
Suppose d = 3*y + 2*d - 1200, -400 = -y - 4*d. What are the prime factors of y?
2, 5
Suppose -s + 59 = 4*p + p, -3*s - 27 = -2*p. Let i b